 = z**3 + 10*z**2 + 709*z + 7921. Give t(-11).
1
Let m(u) = -u**3 - 20*u**2 + 68*u + 1633. What is m(-19)?
-20
Let w(i) = 89*i - 1705. What is w(19)?
-14
Let z(c) = 5*c**2 + 94*c + 91. Give z(-18).
19
Let v(g) = 472*g - 3766. What is v(8)?
10
Let l(x) = -3*x**2 + 265*x - 5074. Calculate l(28).
-6
Let l(j) = 14*j**3 + 76*j + 77. Give l(-1).
-13
Let p(a) = 289*a - 639. Give p(2).
-61
Let l(c) = 25*c**3 + 46*c**2 - 48*c. Determine l(1).
23
Let u(f) = -f**2 - 45*f - 297. Give u(-9).
27
Let w(m) = -m**3 - 3*m**2 + 15*m - 26. What is w(-6)?
-8
Let k(l) = l**3 - 7*l**2 - 6*l + 61. What is k(6)?
-11
Let j(z) = -21*z**3 + 145*z**2 + 14*z - 20. What is j(7)?
-20
Let u(k) = k**3 - 7*k**2 - 38*k + 225. Calculate u(8).
-15
Let f(g) = -7*g**2 + 125*g - 27. What is f(18)?
-45
Let w(u) = -4*u**2 + 2*u + 18. Give w(-6).
-138
Let t(z) = -z**3 - 104*z**2 - 1963*z + 959. Determine t(-79).
11
Let u(q) = 1368*q + 8165. Determine u(-6).
-43
Let o(y) = 8*y**2 + 21*y + 38. Give o(-6).
200
Let f(r) = -r**2 - 573*r - 1137. What is f(-2)?
5
Let q(o) = -o - 53. What is q(-35)?
-18
Let f(x) = -34*x + 562. Give f(16).
18
Let l(y) = y**3 + 74*y**2 + 283*y + 219. Calculate l(-70).
9
Let k(z) = 775*z - 129436. Determine k(167).
-11
Let a(m) = m**2 + 213*m - 5171. What is a(22)?
-1
Let z(u) = -u**3 - 78*u**2 - 293*u + 343. Calculate z(-74).
121
Let u(g) = -1004*g - 1018. Determine u(-1).
-14
Let g(c) = -c**2 - 225*c + 1348. Give g(6).
-38
Let h(i) = 2*i**3 - 37*i**2 - 41*i - 2. What is h(20)?
378
Let v(c) = 1766*c - 3525. Calculate v(2).
7
Let y(m) = -2*m**3 + 214*m**2 - 188*m - 2537. Determine y(106).
7
Let r(q) = -q**3 - 11*q**2 - 769*q - 10266. Give r(-13).
69
Let z(j) = -j**3 + 130*j**2 + 404*j - 707. Calculate z(133).
-42
Let g(o) = -2*o + 370. Determine g(-26).
422
Let m(y) = y**3 - 5*y**2 + 10*y - 113. Calculate m(6).
-17
Let c(u) = u**3 - 18*u**2 + 18*u - 2. Determine c(17).
15
Let z(d) = 14*d - 94. Calculate z(-7).
-192
Let y(h) = 223*h + 1991. Calculate y(-9).
-16
Let i(c) = 51*c + 1176. Give i(-23).
3
Let m(n) = -4*n**3 - 2*n**2 - 9*n - 12. Calculate m(-2).
30
Let a(q) = 12*q + 168. Give a(2).
192
Let f(r) = -36*r - 1101. Calculate f(-40).
339
Let x(m) = 4*m**2 + 57*m - 115. Give x(2).
15
Let f(k) = 40*k**2 - 2519*k - 77. Determine f(63).
-14
Let f(l) = -80*l + 13. Give f(10).
-787
Let m(g) = -14*g**2 - 219*g + 1811. Determine m(6).
-7
Let y(v) = 2*v**3 + 17*v**2 - 32*v + 8. Give y(2).
28
Let y(p) = p**3 - 19*p**2 - 47*p + 514. Give y(20).
-26
Let i(n) = -n**2 + 29*n - 177. Give i(9).
3
Let k(l) = -l**2 + 18*l + 153. Calculate k(26).
-55
Let u(c) = -2*c**3 - 120*c**2 + 5*c + 48. Calculate u(-60).
-252
Let c(s) = 3*s - 225. Calculate c(74).
-3
Let z(m) = 43*m - 574. What is z(14)?
28
Let o(z) = -39*z + 1487. What is o(38)?
5
Let z(i) = 2*i**2 + 37*i + 213. Calculate z(-17).
162
Let t(q) = 167*q + 2508. What is t(-15)?
3
Let a(f) = -61*f - 112. What is a(-3)?
71
Let m(k) = k**3 - k**2 + 10*k - 8. What is m(0)?
-8
Let r(s) = -s**3 - 6*s**2 + 35*s - 10. Determine r(-9).
-82
Let w(k) = 287*k - 246. Determine w(1).
41
Let v(j) = 48*j - 258. What is v(0)?
-258
Let k(r) = 20*r**2 - 183*r + 4. Calculate k(12).
688
Let y(w) = 9*w - 65. What is y(-4)?
-101
Let h(y) = -6*y**3 - 40*y**2 - 20*y + 6. Determine h(-7).
244
Let q(x) = -2*x**2 - 45*x - 249. What is q(-16)?
-41
Let p(g) = g**3 + 38*g**2 - 50*g - 427. What is p(-39)?
2
Let q(d) = 72*d**2 + 565*d - 105. Calculate q(-8).
-17
Let y(f) = f**3 + 5*f**2 - 20*f - 6. Give y(-7).
36
Let x(a) = -2*a - 27. Determine x(-11).
-5
Let t(q) = -46*q**2 - 461*q + 3. Determine t(-10).
13
Let s(h) = -h**3 + 133*h**2 + 282*h - 1687. Calculate s(135).
-67
Let z(a) = -6596*a - 72557. Determine z(-11).
-1
Let c(z) = -43*z + 1403. What is c(32)?
27
Let c(n) = n**2 - 24*n - 77. What is c(26)?
-25
Let d(g) = 31*g**2 + 1236*g + 3435. Give d(-3).
6
Let p(v) = v**3 + 24*v**2 + 110*v + 31. Calculate p(-18).
-5
Let q(a) = 9*a**3 - 53*a**2 + a - 41. Calculate q(6).
1
Let v(h) = h**3 + 2*h**2 + 9*h - 11. What is v(6)?
331
Let j(b) = b**3 - 33*b**2 + 224*b - 57. What is j(9)?
15
Let c(k) = 20*k**3 - 5*k**2 + 36*k - 33. What is c(1)?
18
Let k(l) = l**2 + 17*l + 65. Calculate k(-6).
-1
Let d(v) = -20*v + 1249. Give d(63).
-11
Let x(o) = o**3 + 150*o**2 + 438*o - 416. Calculate x(-147).
25
Let w(v) = 5*v**2 + 30*v - 932. Give w(-17).
3
Let j(y) = -13*y**2 + 738*y + 134. Calculate j(57).
-37
Let p(u) = -202*u - 3032. What is p(-15)?
-2
Let x(b) = 7*b - 308. Calculate x(45).
7
Let x(o) = 63*o**2 + 2335*o + 146. Calculate x(-37).
-2
Let f(m) = 6*m**2 - 217*m + 969. Determine f(31).
8
Let p(f) = -f**3 + 132*f**2 - 2330*f - 69. Determine p(111).
42
Let h(c) = 878*c + 323976. What is h(-369)?
-6
Let c(k) = 55*k + 6397. Calculate c(-116).
17
Let q(n) = -n**3 - 212*n**2 - 4993*n + 364. Give q(-185).
-6
Let g(m) = -46*m**2 + 4413*m + 258. Determine g(96).
-30
Let m(y) = 4*y**2 + 437*y - 1347. Determine m(3).
0
Let b(h) = 6*h**2 + 50*h + 209. Determine b(-12).
473
Let c(a) = -267*a - 1060. Give c(-4).
8
Let n(y) = 13*y - 505. Determine n(-14).
-687
Let p(n) = -2*n**2 - 111*n + 74. Determine p(-58).
-216
Let u(k) = 11*k + 159. What is u(-17)?
-28
Let c(y) = -y**3 - 37*y**2 + 81*y + 104. Give c(-39).
-13
Let y(m) = m**2 + 35*m - 52. What is y(-21)?
-346
Let p(w) = -7*w**2 - 51*w - 56. Give p(-9).
-164
Let h(u) = u**2 - 27*u - 231. Calculate h(13).
-413
Let o(v) = -69*v + 242. Calculate o(4).
-34
Let t(x) = x**2 + 973*x - 17859. What is t(18)?
-21
Let c(q) = q**3 - 5*q**2 + 100*q - 22. Calculate c(8).
970
Let z(b) = b**2 - 26*b + 37. Calculate z(25).
12
Let f(q) = -q**3 + 15*q**2 + 45*q + 63. Calculate f(18).
-99
Let y(x) = 253*x + 814. Calculate y(-6).
-704
Let v(x) = -x**2 + 253*x + 1294. What is v(-5)?
4
Let z(i) = -i**3 + 23*i**2 + 9*i + 246. Determine z(24).
-114
Let n(y) = -504*y - 3526. Give n(-7).
2
Let w(m) = 9*m**3 - 14*m**2 - 16. Give w(2).
0
Let y(k) = -23*k**2 - 172*k - 170. Determine y(-7).
-93
Let i(t) = 6*t + 229. Calculate i(-45).
-41
Let g(s) = -4*s**3 - 39*s**2 + 281*s + 2708. What is g(-10)?
-2
Let f(b) = b**2 + 37*b + 257. Give f(-9).
5
Let i(a) = -147*a + 646. Calculate i(4).
58
Let m(a) = 2*a**3 + 350*a**2 + 346*a - 371. Calculate m(-174).
-23
Let y(d) = -443*d + 3094. Determine y(7).
-7
Let c(m) = -m**2 - 7*m + 15. Calculate c(-18).
-183
Let d(r) = r**2 + 16*r - 34. Calculate d(2).
2
Let k(f) = -4*f**2 + 64*f - 45. Calculate k(15).
15
Let z(v) = -v**3 - 15*v**2 - 19*v - 43. What is z(-16)?
517
Let n(m) = 73*m - 831. Calculate n(12).
45
Let m(h) = -h**3 - 11*h + 31. What is m(0)?
31
Let w(t) = -2377*t - 45204. Determine w(-19).
-41
Let q(r) = -120*r - 3823. Give q(-32).
17
Let u(m) = m**2 - 1098*m - 7722. Give u(-7).
13
Let a(j) = -16*j + 698. Calculate a(16).
442
Let p(o) = -o**3 - 25*o**2 - 85*o + 71. Determine p(-5).
-4
Let a(f) = -587*f**3 + 13*f**2 + 10*f - 2. Give a(-1).
588
Let r(s) = 2*s**3 - 35*s**2 + 149*s - 2. What is r(10)?
-12
Let k(d) = -8*d**2 + 84*d - 77. What is k(10)?
-37
Let t(u) = 7*u**3 + 50*u**2 + 10*u - 225. Calculate t(-6).
3
Let j(u) = 873*u + 7893. What is j(-9)?
36
Let d(u) = -166*u**2 - 323*u + 13. What is d(-2)?
-5
Let c(l) = 145*l - 469. What is c(3)?
-34
Let d(s) = 2*s**2 - 103*s + 746. Calculate d(8).
50
Let v(d) = 3*d**2 - 50*d + 72. Determine v(15).
-3
Let s(o) = 9*o**3 - 4*o**2 + o - 3. Give s(2).
55
Let p(n) = 15*n**2 - 8*n - 3. Give p(4).
205
Let z(a) = 19*a - 150. Give z(8).
2
Let k(u) = 86*u - 708. What is k(8)?
-20
Let w(a) = a**2 + 36*a - 82. Determine w(-39).
35
Let h(v) = 3*v**2 - 706*v + 2072. Give h(3).
-19
Let j(k) = -57*k - 3383. What is j(-61)?
94
Let s(b) = 34*b + 803. Calculate s(-22).
55
Let l(v) = 92*v - 3982. Calculate l(40).
-302
Let q(r) = -r**3 - 12*r**2 - 14*r - 347. Give q(-13).
4
Let w(o) = -o**2 + 52*o - 90. Calculate w(50).
10
Let w(u) = 10*u**3 - 56*u**2 - 8*u - 93. Give w(6).
3
Let p(c) = 77*c + 1206. Give p(-23).
-565
Let i(m) = -2*m**2 + 228*m + 1954. Give i(-8).
2
Let j(q) = -640*q - 3206. Calculate j(-5).
-6
Let o(c) = -19*c**2 + 33*c + 125. What is o(-3)?
-145
Let l(z) = 310*z + 1610. Calculate l(-5).
60
Let o(y) = 13*y + 4. What is o(-4)?
-48
Let s(a) = 97*a - 1702. What is s(17)?
-53
Let w(x) = -35*x - 399. Give w(-17).
196
Let a(k) = 5*k**2 - 33*k + 27. What is a(11)?
269
L